+ -2 - 1). What is the greatest common factor of o and i?
7
Let d = 2 + 0. Suppose 5*n + d = -3. Let b be 1 + -94*n/2. What is the highest common factor of 8 and b?
8
Let v = 38 + -20. Suppose -3*o + 3*l + 1 + 23 = 0, 0 = -2*o - 2*l. Suppose 3*y + o + 2 = x, 3*x = -2*y + v. What is the highest common divisor of 24 and x?
6
Suppose -129 = -2*x + 5*z - 0, -4*x - 4*z = -328. Suppose 5*c = -3*o + 15, -c - 4*c = 0. Suppose 12 = o*r - 23. Calculate the highest common factor of r and x.
7
Let z(u) = -4*u**2 - 12*u - 3. Let n be z(-2). Calculate the greatest common factor of 5 and n.
5
Suppose 6*r - 2*r = 24. Let l(b) = 4*b - 5. Let n be l(r). Let v = 134 - 96. Calculate the highest common factor of n and v.
19
Let n be -3*(-392)/12 - -1. Calculate the greatest common factor of n and 11.
11
Suppose 5*l = 2*t + l - 20, -2*t = -2*l - 20. What is the greatest common factor of 170 and t?
10
Let k(c) = 44*c**2 + c + 3. Let o be k(-2). Let i be 5/25 - o/(-15). What is the highest common factor of 12 and i?
12
Suppose 4*j - 3*r + 33 = j, 49 = -5*j + 2*r. Let i be (-2 - 1)*39/j. Let z be 8/20 + (-258)/(-5) + 0. Calculate the highest common divisor of z and i.
13
Suppose 5*h - 5*m = 532 - 57, 0 = 4*h + 3*m - 345. What is the highest common factor of h and 10?
10
Suppose 2*u = -3*h + 3*u + 2, h + 4*u - 5 = 0. Let i(n) = -n**2 - 4*n - 4. Let w be i(-4). Let r = w - -7. Calculate the highest common divisor of r and h.
1
Suppose -x + 2 + 26 = 2*c, -4*x - 2*c = -88. Calculate the highest common divisor of 40 and x.
20
Suppose o - 2 = -2*h, 3*h + 5 = -2*h - 5*o. Suppose 0 = 2*a - 4*s - 56, h*a + 5*s - 34 = -5. Let i = a - 10. What is the highest common factor of 64 and i?
8
Let t = 30 + -25. Let y(d) = -11*d**3 - d**2 + d + 1. Let b be y(-1). Calculate the highest common divisor of b and t.
5
Let h(f) = 9*f - 2. Let j be (6/4)/((-3)/(-4)). Let c be h(j). What is the highest common factor of c and 176?
16
Let o be (1 - 3/5)*635. Suppose 5*p = 266 + o. What is the greatest common divisor of 13 and p?
13
Suppose -8 = 2*l - 24. Suppose -5*k + 2 = -2*i, -2*i - i - 4*k - 3 = 0. Let n(q) = -41*q - 1. Let z be n(i). Calculate the highest common divisor of z and l.
8
Let c(o) = -o**2 + 9*o - 4. Let d be c(8). Suppose d*a - 1 - 7 = 0. Let v(f) = 3*f - 4. Let t be v(4). Calculate the highest common factor of a and t.
2
Let j = 37 + 38. Suppose 0 = -2*a - 35 + 85. Calculate the greatest common factor of j and a.
25
Suppose -3*i + 6*h + 182 = 2*h, -2*i + 113 = -h. Calculate the highest common factor of i and 81.
27
Suppose 4*t - 33 = t. Suppose 2*b = -b. Let q be -1 + 3 + b - -86. What is the greatest common divisor of t and q?
11
Let h(s) = s**2 + 12*s + 19. Let x be h(-15). What is the greatest common factor of x and 704?
64
Let w(v) = 24*v + 3. Let d be w(6). Let b = 267 - d. Let s = 228 - b. What is the highest common factor of 12 and s?
12
Let a = -13 - -25. Suppose -2*r + 2*z - a = -42, 4*z - 8 = 0. What is the highest common factor of 136 and r?
17
Let i(v) = -v**3 - 7*v**2 - 7*v + 11. Let u be i(-7). What is the highest common factor of u and 10?
10
Let o(x) = -14*x**3. Let i be o(-1). What is the highest common divisor of i and 98?
14
Suppose 2*o = -28 + 34. What is the highest common factor of o and 27?
3
Let p be (-55)/((-9)/(-6) + -2). What is the greatest common divisor of 22 and p?
22
Let m(k) = k**2 + 2*k + 6. Suppose 0 = 4*x - 3*c + 9 + 30, -27 = 2*x - 3*c. Let l be m(x). What is the greatest common divisor of l and 5?
5
Let d be 4/10 - (-144)/40. Suppose 2*k - 26 + d = 0. Suppose 23 - 419 = -4*q. Calculate the greatest common factor of k and q.
11
Let o be 2/5 + 294/15. Calculate the greatest common divisor of o and 10.
10
Let d = 4 - 1. Suppose -d*x - 19 + 79 = 0. Calculate the highest common divisor of x and 30.
10
Let f be ((-3)/2 - -2)*-2. Let p be 1/(f/(-54) - 0). Calculate the greatest common factor of 6 and p.
6
Let c(l) = l**3 + 6*l**2 - 9*l + 5. Let k be c(-7). What is the greatest common factor of k and 76?
19
Suppose -5*q + 7*q - 1116 = -4*z, -5*q = -2*z + 570. Let f(i) = i**3 - 8*i**2 + 11*i. Let o be f(7). Calculate the highest common factor of z and o.
28
Let r be 4 - (2 + -1)/(-1). Suppose r*j - 1 = 24. Suppose -c - 8 = -4*u - 53, -c + 3*u + 40 = 0. Calculate the highest common divisor of j and c.
5
Suppose -q + 140 = -5*c, 3*c + 16 = -c. Suppose 0 = -4*y + 54 + 6. What is the greatest common divisor of q and y?
15
Suppose 4*o - 33 + 1 = 0. Let b(j) = j**2 - 2*j. Let u be b(2). Let t(r) = r**2 + r + 32. Let g be t(u). Calculate the highest common divisor of o and g.
8
Let b be (0/(-1) - -1)/((-43)/(-473)). What is the highest common factor of b and 44?
11
Let p = 14 - 10. Suppose -3*q + 4 + 5 = 0. Suppose -q*x + 0*i + 90 = -3*i, 2*i + 144 = 5*x. What is the greatest common factor of p and x?
4
Suppose 0*z + 4*z = 540. Suppose -s - 5 = -20. What is the highest common divisor of z and s?
15
Let n(o) = o**3 + o**2 - 4*o - 4. Let b be n(4). Let i be 36/10 + (-4)/(-10). Let f be (-6)/(-2)*16/i. Calculate the highest common divisor of b and f.
12
Suppose 4*d + 3*s = 5*s + 206, 2*d - 118 = -2*s. Let l(z) = z**2 + z + 18. Let v be l(0). Calculate the highest common factor of d and v.
18
Suppose j + 0 + 3 = 0. Let q be (36/(-8))/(j/4). What is the highest common factor of 2 and q?
2
Suppose 0 = 4*g - g - 12. Suppose 10 = z + g*z. What is the highest common divisor of 3 and z?
1
Let u(l) = 8*l**2 - 3*l. Let j be u(2). What is the highest common divisor of 13 and j?
13
Let k be 1/(-3) - (-1778)/6. What is the greatest common divisor of 37 and k?
37
Let j be 0/(4/(-2) - -1). Let w = 2 + j. Let r(g) = -g**2 - 6*g - 5. Let i be r(-4). What is the greatest common divisor of w and i?
1
Suppose -5 + 3 = -q. Let u(s) = s + 4. Let p be u(-4). Suppose p = y - q. What is the highest common divisor of 16 and y?
2
Let z = 15 + -8. Suppose 0 = -0*r - r + z. Let p = 2 - 1. What is the greatest common factor of p and r?
1
Suppose 0 = -4*n + 4, -5*n + 8 = t - 0*t. Suppose 0 = 5*q + t*z - 10, -z - 2 = -q - 0*z. Let s = -18 + 36. What is the highest common factor of q and s?
2
Let c = -125 + 127. Calculate the highest common divisor of c and 32.
2
Let l = -21 - -33. Let q = 3 + -1. Let g be (-97)/(-1) - (q + -1). Calculate the highest common factor of g and l.
12
Let r(d) = -7*d - 17. Let z(c) = -2*c**2 + 5*c - 2. Let i be z(3). Let o be r(i). What is the highest common divisor of 3 and o?
3
Let m(z) = 3*z**2 - 5*z + 7. Let q be m(7). Suppose -q = -3*a + 46. Suppose -x + a = 4*j, -x - 2 = -1. Calculate the highest common factor of 98 and j.
14
Suppose -48 = -2*j - 12. Suppose -2*i + 267 = -3*a, 3*a + 151 = 4*i - 368. What is the greatest common factor of j and i?
18
Let c = -8 + 20. Let t be (-39)/4 + 2/(-8). Let s be (c/8)/((-3)/t). Calculate the highest common factor of s and 10.
5
Let d be 2 + (-3 - -1 - -3). Suppose 195 = d*k + 2*k. Calculate the greatest common factor of 13 and k.
13
Suppose -7*f + 38 = -6*f. Calculate the greatest common factor of 152 and f.
38
Let l(m) = m + 2*m - 2*m + 81*m**2. Let w be l(-1). Calculate the highest common factor of w and 10.
10
Let c be 30*2*4/5. Let w be (-15)/(-21) - (-2)/7. Let h be 7 + w + (2 - 4). Calculate the highest common divisor of h and c.
6
Let k = -9 - -11. Let s = k - -1. Suppose 0*o + 36 = s*o. What is the highest common factor of o and 6?
6
Let h(k) = k - 1 - 1 + 9*k. Let b be h(2). Suppose 3*z - 412 = 20. What is the highest common factor of z and b?
18
Let r = 108 + -36. Calculate the highest common factor of 8 and r.
8
Let n = 12 - 6. Let w = -10 + n. Let z be 97/4 + 1/w. Calculate the greatest common divisor of z and 12.
12
Let r be -16*(30/(-3))/2. What is the highest common factor of r and 10?
10
Suppose -3*i - i = -40. Suppose 7*n - 20 = 2*n. Suppose -5*f + 3*c - 4 + 14 = 0, 2*f + 4*c = n. Calculate the greatest common factor of f and i.
2
Suppose -4*u + i = -9*u + 14, -2*i + 1 = u. Let t(v) = v**3 - 2*v**2 - v - 1. Let w be t(4). Calculate the highest common factor of u and w.
3
Let b be (-2)/3 + 4/6. Let r be -46 + b - (-4 - -6). Let a be (6/4)/((-9)/r). What is the greatest common factor of a and 72?
8
Suppose 3*t = t + 2*a + 26, -t - a + 7 = 0. Let u be (15/t)/(3/2). Let s be 30 + (u - (2 + 1)). What is